{"id":53,"date":"2023-01-05T15:35:56","date_gmt":"2023-01-05T15:35:56","guid":{"rendered":"https:\/\/france.spacerenaissance.space\/?page_id=53"},"modified":"2023-01-29T15:57:33","modified_gmt":"2023-01-29T15:57:33","slug":"janvier-2023","status":"publish","type":"page","link":"https:\/\/france.spacerenaissance.space\/?page_id=53","title":{"rendered":"JANVIER 2023"},"content":{"rendered":"\r\n<h1 class=\"has-large-font-size\"><strong>BREVES<\/strong><\/h1>\r\n<ul>\r\n<li>29\/01\/2023- Le 26 janvier 2023, la jeune start-up fran\u00e7aise <a href=\"https:\/\/france.spacerenaissance.space\/?page_id=375\">Latitude<\/a> (initialement nomm\u00e9e Venture Orbital Systems), cofond\u00e9e par Stanislas Maximin en 2019, a annonc\u00e9 avoir r\u00e9ussi la premi\u00e8re campagne de test du moteur de sa fus\u00e9e Zephyr, d\u00e9velopp\u00e9e \u00e0 Reims. Les essais ont \u00e9t\u00e9 r\u00e9alis\u00e9s \u00e0 SaxaVord, nouvelle base de lancement dans les \u00eeles Shetland. Le 4 janvier 2023, le moteur Navier a \u00e9t\u00e9 allum\u00e9 trois fois pendant 5, 10 et 35 secondes.<\/li>\r\n<li>29\/01\/2023-L&#8217;Europe veut se doter d&#8217;un syst\u00e8me de transport automatis\u00e9 et r\u00e9utilisable sur le mod\u00e8le du X-37B am\u00e9ricain et le drone spatial chinois. Baptis\u00e9 <a href=\"https:\/\/france.spacerenaissance.space\/?page_id=403\">Space Rider<\/a>, ce drone spatial sera capable d&#8217;une large vari\u00e9t\u00e9 de missions en orbite. Thales Alenia Space et Avio ont sign\u00e9 avec l&#8217;Agence spatiale europ\u00e9enne le contrat de d\u00e9veloppement de Space Rider en vue d&#8217;un premier vol en 2023.<\/li>\r\n<\/ul>\r\n<p><iframe loading=\"lazy\" title=\"D\u00e9couvrez le premier h\u00f4tel spatial\" width=\"640\" height=\"360\" src=\"https:\/\/www.youtube.com\/embed\/1K_SANzNHVE?feature=oembed\" frameborder=\"0\" allow=\"accelerometer; autoplay; clipboard-write; encrypted-media; gyroscope; picture-in-picture; web-share\" referrerpolicy=\"strict-origin-when-cross-origin\" allowfullscreen><\/iframe><\/p>\r\n<ul>\r\n<li>25 Janvier 2023: La Nasa avait annonc\u00e9 le premier juin 2022 avoir choisi les compagnies Axiom Space et Collins Aerospace pour d\u00e9velopper les futurs scaphandres des astronautes pour effectuer des sorties extra-v\u00e9hiculaires depuis l&#8217;ISS dans le vide spatial mais aussi pour marcher sur la Lune.<br \/>L&#8217;appel d&#8217;offres se montait \u00e0 228,5 millions de dollars. Les combinaisons d&#8217;Axiom devront permettre aux astronautes d&#8217;explorer une plus grande partie de la surface lunaire. Leur conception permettra d&#8217;accueillir un large \u00e9ventail de membres d&#8217;\u00e9quipage. Les combinaisons seront \u00e9quip\u00e9es d&#8217;outils sp\u00e9cialis\u00e9s pour l&#8217;exploration et d&#8217;autres activit\u00e9s scientifiques dans l&#8217;espace. Leur conception comprend des syst\u00e8mes de survie, des v\u00eatements pressuris\u00e9s et de l&#8217;avionique. Selon Michael Suffredini, PDG d&#8217;Axiom&#8230;<em>\u00ab Nos combinaisons spatiales modernis\u00e9es et \u00e9volutives permettront des mises \u00e0 niveau rapides pour mettre en \u0153uvre des technologies meilleures et plus s\u00fbres au fil du temps, garantissant que nos astronautes sont toujours \u00e9quip\u00e9s d&#8217;un mat\u00e9riel performant et robuste \u00bb<\/em>.<br \/>Le contrat Exploration Extravehicular Activity Services (xEVAS) a une valeur potentielle maximale combin\u00e9e de 3,5 milliards de dollars pour tous les ordres de mission. Les partenariats de la NASA avec Axiom et Collins Aerospace sont \u00e9galement un \u00e9l\u00e9ment cl\u00e9 des efforts de l&#8217;agence pour promouvoir l&#8217;\u00e9conomie spatiale commerciale en plein essor. Les deux entreprises seront en fait propri\u00e9taires des combinaisons spatiales qu&#8217;elles construiront et les fourniront, ainsi que d&#8217;autres syst\u00e8mes de sortie dans l&#8217;espace, sous forme de service autrement dit de leasing.<\/li>\r\n<li>25 Janvier 2023: La Nasa a annonc\u00e9, mardi 24 janvier, un partenariat avec le Pentagone pour d\u00e9velopper une fus\u00e9e propuls\u00e9e \u00e0 l&#8217;\u00e9nergie nucl\u00e9aire et destin\u00e9e, entre autres, \u00e0 envoyer l&#8217;Homme sur Mars. Bill Nelson, le patron de l&#8217;agence spatiale am\u00e9ricaine a d\u00e9clar\u00e9 dans un communiqu\u00e9 s&#8217;associer avec l&#8217;agence de recherche de l&#8217;arm\u00e9e am\u00e9ricaine, Darpa, pour <em>&#8220;d\u00e9velopper et tester une technologie avanc\u00e9e de propulsion nucl\u00e9aire thermique d\u00e8s 2027&#8221;<\/em>, gr\u00e2ce \u00e0 laquelle <em>&#8220;les astronautes pourraient voyager vers et depuis l&#8217;espace profond plus rapidement que jamais&#8221;.<\/em><br \/>Selon la Nasa, une fus\u00e9e \u00e0 propulsion nucl\u00e9aire thermique pourrait \u00eatre de trois \u00e0 quatre fois plus efficace que les fus\u00e9es \u00e0 combustible classique. Alors le concept est le m\u00eame que pour faire d\u00e9coller une fus\u00e9e conventionnelle &#8211; la chaleur \u00e9tant transf\u00e9r\u00e9e \u00e0 un combustible liquide, transform\u00e9 en gaz et expuls\u00e9 dans une tuy\u00e8re pour fournir la pouss\u00e9e de la fus\u00e9e -, un r\u00e9acteur nucl\u00e9aire \u00e0 fission produit de bien plus hautes temp\u00e9ratures. <br \/>Il y a plus de 50 ans, la Nasa avait men\u00e9 des tests d&#8217;une fus\u00e9e nucl\u00e9aire, mais le projet avait \u00e9t\u00e9 interrompu en raison de coupes budg\u00e9taires et des tensions de la Guerre froide.<br \/>Selon Stefanie Tompkins, directrice de l&#8217;agence militaire de recherche, la Darpa, le d\u00e9veloppement de ce nouveau type de lanceur <em>&#8220;sera crucial pour transporter de mani\u00e8re plus rapide et efficace du mat\u00e9riel sur la Lune et, par la suite, des personnes sur Mars&#8221;.<\/em><\/li>\r\n<\/ul>\r\n<p><strong>veille semaine 02 du 09 au 15 janvier 2023<\/strong><\/p>\r\n<ul>\r\n<li>L&#8217;Institut de technologie de Californie a envoy\u00e9 dans l\u2019espace un d\u00e9monstrateur qui testera diff\u00e9rents \u00e9l\u00e9ments essentiels au fonctionnement d\u2019une centrale solaire en orbite.<\/li>\r\n<\/ul>\r\n<p><iframe loading=\"lazy\" title=\"How Does Wireless Power Transfer Work?\" width=\"640\" height=\"360\" src=\"https:\/\/www.youtube.com\/embed\/w5SBF48WqV4?feature=oembed\" frameborder=\"0\" allow=\"accelerometer; autoplay; clipboard-write; encrypted-media; gyroscope; picture-in-picture; web-share\" referrerpolicy=\"strict-origin-when-cross-origin\" allowfullscreen><\/iframe><\/p>\r\n<ul>\r\n<li><strong>Le premier prototype de centrale solaire orbitale<\/strong><br \/>La mise en orbite a commenc\u00e9 \u00e0 bord du vol Falcon 9 Transporter-6 de SpaceX, qui a d\u00e9coll\u00e9 de Cap Canaveral le 3 janvier dernier. Le d\u00e9monstrateur du California Institute of Technology (Caltech) voyage \u00e0 bord d&#8217;une plateforme satellite orbitale commerciale nomm\u00e9e Vigoride, fournie par le constructeur Momentus, qui en assure \u00e9galement l&#8217;op\u00e9ration.Le d\u00e9monstrateur SSPP &#8211; Space Solar Power Project &#8211; est un projet n\u00e9 en 2011 au sein du Caltech. D\u00e9j\u00e0 test\u00e9 sur Terre, il reste des \u00e9tapes \u00e0 franchir pour tester la nouvelle architecture propos\u00e9e par l&#8217;institut.<br \/>Le professeur Ali Hajimiri, codirecteur du projet, d\u00e9finit ce test de faisabilit\u00e9&#8230;\u00ab Qu&#8217;importe ce qu&#8217;il va se passer, ce prototype est un pas en avant \u00bb . En effet, il y a plusieurs aspects \u00e0 tester avant d&#8217;esp\u00e9rer une vraie centrale solaire orbitale. Pesant pr\u00e8s de 50 kilos, la charge utile est subdivis\u00e9e en trois sous-parties, auxquelles s&#8217;ajoute un bo\u00eetier \u00e9lectronique faisant interface avec la plateforme : Tandis que Dolce testera l&#8217;architecture et le syst\u00e8me de d\u00e9ploiement, Alba contr\u00f4lera 32 diff\u00e9rents types de cellules photovolta\u00efques afin de d\u00e9terminer celle qui sera la plus efficace en d\u00e9pit des conditions du milieu spatial, Maple, matrice de 32 \u00e9metteurs micro-onde tr\u00e8s l\u00e9gers, v\u00e9rifiera la capacit\u00e9 de canaliser vers la Terre le signal transportant l&#8217;\u00e9nergie solaire re\u00e7ue.<br \/>Le d\u00e9ploiement de l&#8217;architecture Dolce sera suivi par des cam\u00e9ras install\u00e9es au bout de m\u00e2ts. Maple reste un test essentiel car, une fois emmagasin\u00e9e par la centrale, l&#8217;\u00e9nergie \u00e9lectrique devra \u00eatre envoy\u00e9e sous forme de signal micro-onde vers un r\u00e9cepteur sur Terre. Le probl\u00e8me est qu&#8217;une onde se propage dans toutes les directions, comme les vagues g\u00e9n\u00e9r\u00e9es par la chute d&#8217;un caillou dans l&#8217;eau. C&#8217;est le cas avec un seul \u00e9metteur mais, avec plusieurs, (Maple \u00e9tant un r\u00e9seau de 32 \u00e9metteurs.) les interf\u00e9rences des diff\u00e9rentes vagues permettent de focaliser le gros de l&#8217;\u00e9nergie du signal \u00e9mis dans une direction donn\u00e9e.<\/li>\r\n<li><strong>Le Centre spatial Esrange<\/strong> est situ\u00e9 dans le nord de la Su\u00e8de. C&#8217;est le premier complexe de lancement de satellites en Europe continentale. Il a \u00e9t\u00e9 inaugur\u00e9 le vendredi 13 Janvier 2023 en pr\u00e9sence du roi Carl XVI Gustaf de Su\u00e8de, du Premier ministre Ulf Kristersson et de la pr\u00e9sidente de la Commission europ\u00e9enne Ursula von der Leyen..<br \/><em>&#8220;L&#8217;Europe a son pied dans l&#8217;espace et va le garder&#8221;<\/em>, a d\u00e9clar\u00e9 Mme von der Leyen, en visite en Su\u00e8de pour marquer le d\u00e9but de la pr\u00e9sidence de ce pays pour six mois \u00e0 la t\u00eate du Conseil de l&#8217;Union europ\u00e9enne (UE). Selon Stefan Gardefjord, directeur g\u00e9n\u00e9ral de la Swedish Space Corporation (SSC)&#8230;<em>&#8220;Ce nouveau complexe de lancement contribuera \u00e0 poser les bases d&#8217;une Europe r\u00e9siliente dans l&#8217;espace. Les nouvelles constellations de satellites en orbite, les capacit\u00e9s de lancement r\u00e9actif et le d\u00e9veloppement de fus\u00e9es r\u00e9utilisables offriront la s\u00e9curit\u00e9, la comp\u00e9titivit\u00e9 et le d\u00e9veloppement durable \u00e0 l&#8217;Europe&#8221;<\/em>. Cette nouvelle installation de lancement orbital est pour l&#8217;Europe un atout d&#8217;importance critique attendu depuis longtemps. Seuls une dizaine de pays au monde ont actuellement une capacit\u00e9 de lancement de satellites. Le <em>&#8220;port spatial Esrange&#8221;<\/em> offrira un acc\u00e8s europ\u00e9en ind\u00e9pendant \u00e0 l&#8217;espace, compl\u00e9tant et renfor\u00e7ant les capacit\u00e9s europ\u00e9ennes existantes en Guyane fran\u00e7aise. Le premier lancement de satellite sur ce site est pr\u00e9vu pour fin 2023.<\/li>\r\n<\/ul>\r\n<p><iframe loading=\"lazy\" title=\"PROXIMA - Bande-annonce officielle HD\" width=\"640\" height=\"360\" src=\"https:\/\/www.youtube.com\/embed\/5c_S4BNMiAE?feature=oembed\" frameborder=\"0\" allow=\"accelerometer; autoplay; clipboard-write; encrypted-media; gyroscope; picture-in-picture; web-share\" referrerpolicy=\"strict-origin-when-cross-origin\" allowfullscreen><\/iframe><\/p>\r\n<p>&nbsp;<\/p>\r\n<p><strong>06 Janvier 2023<\/strong><\/p>\r\n\r\n\r\n\r\n<ul class=\"wp-block-list\">\r\n<li>Selon le site belge lalibre.be, la NASA pr\u00e9pare une mission vers un ast\u00e9ro\u00efde baptis\u00e9 \u00ab\u00a016 Psych\u00e9\u00a0\u00bb. Selon le magazine FORBES, 16 Psych\u00e9 est un ast\u00e9ro\u00efde d\u2019une largeur de 226 kilom\u00e8tres. On estime qu\u2019il pourrait contenir un noyau de fer, de nickel et d\u2019or que l\u2019on estime \u00e0 10.000 quadrillions d\u2019euros ce qui repr\u00e9sente environ 1,4 milliard d\u2019euros pour chaque terrien. L\u2019ast\u00e9ro\u00efde est situ\u00e9 entre Mars et Jupiter. La mission de la NASA est strictement scientifique et \u00e0 ce stade, son exploitation n\u2019est pas envisag\u00e9e. Selon la NASA..<em>.<\/em><em>&#8220;L&#8217;\u00e9quipe Psych\u00e9 utilisera un magn\u00e9tom\u00e8tre pour mesurer le champ magn\u00e9tique de l&#8217;ast\u00e9ro\u00efde. Un imageur multispectral capturera des images de la surface, ainsi que des donn\u00e9es sur la composition et la topographie de Psych\u00e9. Des spectrom\u00e8tres analyseront les neutrons et les rayons gamma provenant de la surface pour r\u00e9v\u00e9ler les \u00e9l\u00e9ments qui composent l&#8217;ast\u00e9ro\u00efde lui-m\u00eame&#8221;. <\/em>L\u2019exploration de cet ast\u00e9ro\u00efde permettra de recueillir des informations pr\u00e9cieuses sur la formation des plan\u00e8tes du syst\u00e8me solaire.<\/li>\r\n\r\n\r\n\r\n<li>Suite \u00e0 la d\u00e9faillance du SOYOUZ MS-22 en raison d\u2019une fuite du liquide de refroidissement provoqu\u00e9 par une microm\u00e9t\u00e9orite ou un d\u00e9bris spatial, l\u2019\u00e9quipage qui se trouve actuellement sur l\u2019ISS est en danger en l\u2019absence d\u2019un vaisseau de secours susceptible de le rapatrier sur terre en cas de besoin. Selon l\u2019agence Reuters, une solution est en cours d\u2019\u00e9tude impliquant SpaceX. De son c\u00f4t\u00e9, l\u2019Agence spatiale russe Roscosmos \u00e9tudie le lancement d\u00e9but F\u00e9vrier d\u2019un vaisseau Soyouz MS-23 sans \u00e9quipage en remplacement de l\u2019unit\u00e9 MS-22 endommag\u00e9e qui effectuerait une rentr\u00e9e atmosph\u00e9rique et un retour non habit\u00e9 sur Terre.<\/li>\r\n\r\n\r\n\r\n<li>Le biologiste Paul Lister Smith envisage de cr\u00e9er des for\u00eats sur Mars. Il propose de cr\u00e9er dans un premier temps un d\u00f4me laissant passer la lumi\u00e8re et une faible quantit\u00e9 de rayons UV et ionisant. Une trop grande quantit\u00e9 de ces derniers rendrait l\u2019environnement inhabitable, tandis qu\u2019une trop faible quantit\u00e9 ne pourrait pas synth\u00e9tiser de vitamine D rendant impossible la photosynth\u00e8se des plantes. En raison des faibles champs magn\u00e9tiques de la plan\u00e8te, la croissance d\u2019esp\u00e8ces v\u00e9g\u00e9tales ou animales serait fortement d\u00e9stabilis\u00e9e. Il conviendra \u00e9galement de reconstituer un climat temp\u00e9r\u00e9 et autor\u00e9gul\u00e9. Autre probl\u00e8me le cycle des saisons. Si Mars compte bien 4 saisons comme sur la Terre\u00a0, celles-ci sont deux fois plus longues.<\/li>\r\n<\/ul>\r\n\r\n\r\n\r\n<p><strong>05 Janvier 2023<\/strong><\/p>\r\n<p>A l\u2019occasion de son lancement le 16 Novembre 2022, la fus\u00e9e SLS de la mission ARTEMIS vers la Lune avait lib\u00e9r\u00e9 dix petits satellites entre la Terre et la Lune. On vient de constater l\u2019\u00e9chec de la majorit\u00e9 de ces missions annexes. Un industriel spatial concern\u00e9 par ces missions met en cause la longue attente entre l\u2019installation des nanosatellites entre l\u2019\u00e9tage sup\u00e9rieur de la fus\u00e9e et la capsule ORION situ\u00e9e au sommet depuis l\u2019Automne 2021 jusqu\u2019au lancement fin 2022 soit une dur\u00e9e d\u2019un an. Selon lui\u2026.\u00a0\u00ab\u00a0Il est fort possible que cette attente ait affect\u00e9 les batteries des nanosatellites\u00a0\u00bb<\/p>\r\n\r\n\r\n\r\n\r\n\r\n\r\n\r\n<p>Elon Musk vient de poster sur TWITTER une vid\u00e9o montrant la nouvelle tour de lancement de Starbase en cours de construction sur son site de Boca Chica au Texas. La tour surnomm\u00e9e \u00ab\u00a0Mechazilla\u00a0\u00bb a une hauteur de 122 m\u00e8tres. Elle a la particularit\u00e9 d\u2019\u00eatre dot\u00e9e de bras m\u00e9caniques pouvant s\u2019ouvrir et se fermer afin d\u2019attraper l\u2019\u00e9tage Super Heavy \u00e0 quelques m\u00e8tres du sol. Par ailleurs ces bras peuvent pivoter afin de repositionner l\u2019\u00e9tage sur le support de lancement. Dot\u00e9 d\u2019une grande libert\u00e9 de mouvement ces bras m\u00e9caniques pourront r\u00e9cup\u00e9rer un Starship positionn\u00e9 \u00e0 proximit\u00e9 afin de l\u2019installer sur le Super Heavy.<\/p>\r\n\r\n\r\n\r\n<p>Mission TRANSPORTER 6 de SpaceX. Cette premi\u00e8re mission de l\u2019ann\u00e9e 2023 a emport\u00e9 \u00e0 bord de la fus\u00e9e FALCON non seulement EOS SAT 1 mais aussi 113 autres satellites dont on ignore le d\u00e9tail, le manifeste de vol n\u2019ayant pas \u00e9t\u00e9 publi\u00e9.<\/p>\r\n\r\n\r\n\r\n<p>Les missions TRANSPORTER sont des Rideshares. Space X agissant en qualit\u00e9 de prestataire met un lanceur \u00e0 disposition de diff\u00e9rentes institutions et entreprises qui peuvent r\u00e9server un espace pour y installer un satellite que Space X se charge de mettre sur orbite. Afin de maximiser la rentabilit\u00e9, les missions TRANSPORTER embarquent un maximum d\u2019engins. Ainsi Space X avait embarqu\u00e9 et lanc\u00e9 le 24 Janvier 2021, 143 engins en une seule fois. Ce sera le 15\u00b0 lancement cons\u00e9cutif pour la fus\u00e9e Falcon 9 qui a proc\u00e9d\u00e9 d\u00e9j\u00e0 \u00e0 lancer TRANSPORTER 2, 3 satellites commerciaux et 10 missions de d\u00e9ploiement STARLINK.<\/p>\r\n\r\n\r\n\r\n<p>Space X vient de lancer le 3 Janvier 2023, 114 satellites en m\u00eame temps. Parmi eux EOS SAT 1, un satellite assez r\u00e9volutionnaire qui pourra couvrir 1 million de kilom\u00e8tres carr\u00e9s par jour \u00e0 travers 11 bandes de fr\u00e9quences diff\u00e9rentes pour surveiller les for\u00eats et les cultures terrestres. EOS SAT 1 fera partie \u00e0 terme d\u2019une constellation de 7 satellites qui seront d\u00e9ploy\u00e9s progressivement jusqu\u2019en 2025. Cet ensemble couvrira une surface terrestre de 12 millions de kilom\u00e8tres carr\u00e9s par jour. L\u2019objectif est de permettre d\u2019apporter des informations aux agriculteurs pour une meilleure gestion de leurs cultures contribuant ainsi \u00e0 la s\u00e9curit\u00e9 alimentaire mondiale et \u00e0 la pr\u00e9servation de l\u2019environnement. Il leur permettra aussi de mieux g\u00e9rer leurs consommation d\u2019eau et d\u2019\u00e9nergie. Il contribuera par ailleurs \u00e0 une meilleure gestion des \u00e9missions de dioxyde de carbone et gaz \u00e0 effets de serre.<\/p>\r\n\r\n\r\n\r\n\r\n\r\n<ul class=\"wp-block-list\">\r\n<li>La startup fran\u00e7aise <a href=\"https:\/\/france.spacerenaissance.space\/?page_id=161\">GAMA<\/a> vient de mettre sur orbite le satellite de sa premi\u00e8re mission. Ce satellite contient une voile solaire qui sera d\u00e9ploy\u00e9e au Printemps.<\/li>\r\n<\/ul>\r\n","protected":false},"excerpt":{"rendered":"<p>BREVES 29\/01\/2023- Le 26 janvier 2023, la jeune start-up fran\u00e7aise Latitude (initialement nomm\u00e9e Venture Orbital Systems), cofond\u00e9e par Stanislas Maximin en 2019, a annonc\u00e9 avoir r\u00e9ussi la premi\u00e8re campagne de test du moteur de sa fus\u00e9e Zephyr, d\u00e9velopp\u00e9e \u00e0 Reims. &hellip; <a href=\"https:\/\/france.spacerenaissance.space\/?page_id=53\">Continue reading <span class=\"meta-nav\">&rarr;<\/span><\/a><\/p>\n","protected":false},"author":2,"featured_media":0,"parent":10,"menu_order":1,"comment_status":"closed","ping_status":"closed","template":"","meta":{"footnotes":""},"class_list":["post-53","page","type-page","status-publish","hentry"],"_links":{"self":[{"href":"https:\/\/france.spacerenaissance.space\/index.php?rest_route=\/wp\/v2\/pages\/53","targetHints":{"allow":["GET"]}}],"collection":[{"href":"https:\/\/france.spacerenaissance.space\/index.php?rest_route=\/wp\/v2\/pages"}],"about":[{"href":"https:\/\/france.spacerenaissance.space\/index.php?rest_route=\/wp\/v2\/types\/page"}],"author":[{"embeddable":true,"href":"https:\/\/france.spacerenaissance.space\/index.php?rest_route=\/wp\/v2\/users\/2"}],"replies":[{"embeddable":true,"href":"https:\/\/france.spacerenaissance.space\/index.php?rest_route=%2Fwp%2Fv2%2Fcomments&post=53"}],"version-history":[{"count":21,"href":"https:\/\/france.spacerenaissance.space\/index.php?rest_route=\/wp\/v2\/pages\/53\/revisions"}],"predecessor-version":[{"id":408,"href":"https:\/\/france.spacerenaissance.space\/index.php?rest_route=\/wp\/v2\/pages\/53\/revisions\/408"}],"up":[{"embeddable":true,"href":"https:\/\/france.spacerenaissance.space\/index.php?rest_route=\/wp\/v2\/pages\/10"}],"wp:attachment":[{"href":"https:\/\/france.spacerenaissance.space\/index.php?rest_route=%2Fwp%2Fv2%2Fmedia&parent=53"}],"curies":[{"name":"wp","href":"https:\/\/api.w.org\/{rel}","templated":true}]}}