{"id":257,"date":"2023-01-13T06:54:17","date_gmt":"2023-01-13T06:54:17","guid":{"rendered":"https:\/\/france.spacerenaissance.space\/?page_id=257"},"modified":"2023-01-13T06:58:56","modified_gmt":"2023-01-13T06:58:56","slug":"uksa","status":"publish","type":"page","link":"https:\/\/france.spacerenaissance.space\/?page_id=257","title":{"rendered":"UKSA"},"content":{"rendered":"<p>L&#8217;Agence spatiale du Royaume-Uni\u00a0(UK Space Agency) est un regroupement de plusieurs minist\u00e8res et organismes du\u00a0Royaume-Uni, ayant pour but de coordonner les activit\u00e9s spatiales civiles du pays (comme l&#8217;observation de la\u00a0Terre, les communications et la\u00a0localisation par satellite). L&#8217;Agence fonctionne sur la base du partenariat volontaire de dix\u00a0d\u00e9partements, agences\u00a0et\u00a0conseils de recherche\u00a0du gouvernement britannique. \u00c0 la diff\u00e9rence des agences spatiales \u00e0 part enti\u00e8re, comme il en existe dans d&#8217;autre pays, le quartier g\u00e9n\u00e9ral de l&#8217;Agence spatiale du Royaume-Uni r\u00e9unit environ trente\u00a0fonctionnaires\u00a0civils d\u00e9tach\u00e9s, par rotation, par les partenaires. Le personnel de l&#8217;UKSA compte environ 235 personnes. Le personnel de l&#8217;Agence spatiale du Royaume-Uni repr\u00e9sente le Royaume-Uni dans les diff\u00e9rents conseils de l&#8217;Agence spatiale europ\u00e9enne (ESA) et \u00e0 son Comit\u00e9 directeur. Depuis\u00a0janvier 2009, l&#8217;Agence spatiale du Royaume-Uni a son si\u00e8ge \u00e0\u00a0Swindon, dans le Wiltshire, dans le m\u00eame b\u00e2timent que le\u00a0Conseil des \u00e9tablissements scientifiques et technologiques\u00a0(Conseils de recherche) et que le\u00a0Bureau de strat\u00e9gie technologique. Elle est plac\u00e9e sous l&#8217;autorit\u00e9 de Lord Drayson, le ministre de la science et de l&#8217;innovation.qui d\u00e9clarait recemment\u2026.<em>\u00ab\u00a0L&#8217;Agence spatiale du Royaume-Uni donnera \u00e0 ce secteur le muscle dont il a besoin pour r\u00e9aliser ses ambitions. L&#8217;industrie spatiale britannique a d\u00e9fi\u00e9 la r\u00e9cession. Elle peut cro\u00eetre jusqu&#8217;\u00e0 40 milliards de Livres par an et cr\u00e9er 100\u00a0000 emplois en 20 ans\u00a0\u00bb.<\/em><\/p>\n","protected":false},"excerpt":{"rendered":"<p>L&#8217;Agence spatiale du Royaume-Uni\u00a0(UK Space Agency) est un regroupement de plusieurs minist\u00e8res et organismes du\u00a0Royaume-Uni, ayant pour but de coordonner les activit\u00e9s spatiales civiles du pays (comme l&#8217;observation de la\u00a0Terre, les communications et la\u00a0localisation par satellite). L&#8217;Agence fonctionne sur la &hellip; <a href=\"https:\/\/france.spacerenaissance.space\/?page_id=257\">Continue reading <span class=\"meta-nav\">&rarr;<\/span><\/a><\/p>\n","protected":false},"author":2,"featured_media":0,"parent":0,"menu_order":0,"comment_status":"closed","ping_status":"closed","template":"","meta":{"footnotes":""},"class_list":["post-257","page","type-page","status-publish","hentry"],"_links":{"self":[{"href":"https:\/\/france.spacerenaissance.space\/index.php?rest_route=\/wp\/v2\/pages\/257","targetHints":{"allow":["GET"]}}],"collection":[{"href":"https:\/\/france.spacerenaissance.space\/index.php?rest_route=\/wp\/v2\/pages"}],"about":[{"href":"https:\/\/france.spacerenaissance.space\/index.php?rest_route=\/wp\/v2\/types\/page"}],"author":[{"embeddable":true,"href":"https:\/\/france.spacerenaissance.space\/index.php?rest_route=\/wp\/v2\/users\/2"}],"replies":[{"embeddable":true,"href":"https:\/\/france.spacerenaissance.space\/index.php?rest_route=%2Fwp%2Fv2%2Fcomments&post=257"}],"version-history":[{"count":3,"href":"https:\/\/france.spacerenaissance.space\/index.php?rest_route=\/wp\/v2\/pages\/257\/revisions"}],"predecessor-version":[{"id":263,"href":"https:\/\/france.spacerenaissance.space\/index.php?rest_route=\/wp\/v2\/pages\/257\/revisions\/263"}],"wp:attachment":[{"href":"https:\/\/france.spacerenaissance.space\/index.php?rest_route=%2Fwp%2Fv2%2Fmedia&parent=257"}],"curies":[{"name":"wp","href":"https:\/\/api.w.org\/{rel}","templated":true}]}}