{"id":227,"date":"2023-01-12T14:21:32","date_gmt":"2023-01-12T14:21:32","guid":{"rendered":"https:\/\/france.spacerenaissance.space\/?page_id=227"},"modified":"2023-01-12T14:22:36","modified_gmt":"2023-01-12T14:22:36","slug":"blue-origin","status":"publish","type":"page","link":"https:\/\/france.spacerenaissance.space\/?page_id=227","title":{"rendered":"Blue Origin"},"content":{"rendered":"<p><b><span class=\"lang-en\" lang=\"en\">Blue Origin<\/span><\/b>\u00a0(<abbr class=\"abbr\" title=\"litt\u00e9ralement\">litt.<\/abbr>\u00a0\u00ab\u00a0origine bleue\u00a0\u00bb, en r\u00e9f\u00e9rence \u00e0 la plan\u00e8te\u00a0<a title=\"Terre\" href=\"https:\/\/fr.wikipedia.org\/wiki\/Terre\">Terre<\/a>) est une\u00a0<a title=\"Entreprise\" href=\"https:\/\/fr.wikipedia.org\/wiki\/Entreprise\">soci\u00e9t\u00e9<\/a>\u00a0<a title=\"\u00c9tats-Unis\" href=\"https:\/\/fr.wikipedia.org\/wiki\/%C3%89tats-Unis\">am\u00e9ricaine<\/a>\u00a0cr\u00e9\u00e9e en 2000 par le milliardaire\u00a0<a title=\"Jeff Bezos\" href=\"https:\/\/fr.wikipedia.org\/wiki\/Jeff_Bezos\">Jeff Bezos<\/a>, fondateur et principal actionnaire d&#8217;<a class=\"mw-redirect\" title=\"Amazon.com\" href=\"https:\/\/fr.wikipedia.org\/wiki\/Amazon.com\">Amazon.com<\/a>, dans le but de d\u00e9velopper de nouvelles technologies permettant d&#8217;abaisser le co\u00fbt d&#8217;acc\u00e8s \u00e0 l&#8217;<a title=\"Espace (cosmologie)\" href=\"https:\/\/fr.wikipedia.org\/wiki\/Espace_(cosmologie)\">espace<\/a>. Le si\u00e8ge se trouve \u00e0\u00a0<a title=\"Kent (Washington)\" href=\"https:\/\/fr.wikipedia.org\/wiki\/Kent_(Washington)\">Kent<\/a>\u00a0dans la banlieue de\u00a0<a title=\"Seattle\" href=\"https:\/\/fr.wikipedia.org\/wiki\/Seattle\">Seattle<\/a>. Son activit\u00e9 principale est centr\u00e9e sur la construction du lanceur lourd\u00a0<a title=\"New Glenn\" href=\"https:\/\/fr.wikipedia.org\/wiki\/New_Glenn\">New Glenn<\/a>\u00a0qui doit effectuer son premier vol en 2022 et le d\u00e9veloppement de moteurs cryog\u00e9niques\u00a0<a title=\"BE-3\" href=\"https:\/\/fr.wikipedia.org\/wiki\/BE-3\">BE-3<\/a>,\u00a0<a title=\"BE-4\" href=\"https:\/\/fr.wikipedia.org\/wiki\/BE-4\">BE-4<\/a>\u00a0et\u00a0<a title=\"BE-7\" href=\"https:\/\/fr.wikipedia.org\/wiki\/BE-7\">BE-7<\/a>\u00a0pour couvrir ses besoins ainsi que pour propulser le futur lanceur lourd\u00a0<a title=\"Vulcan (fus\u00e9e)\" href=\"https:\/\/fr.wikipedia.org\/wiki\/Vulcan_(fus%C3%A9e)\">Vulcan<\/a>\u00a0de\u00a0<a title=\"United Launch Alliance\" href=\"https:\/\/fr.wikipedia.org\/wiki\/United_Launch_Alliance\">United Launch Alliance<\/a>\u00a0charg\u00e9 de remplacer l&#8217;<a title=\"Atlas V\" href=\"https:\/\/fr.wikipedia.org\/wiki\/Atlas_V\"><span class=\"nowrap\">Atlas\u00a0<abbr class=\"abbr\" title=\"5\"><span class=\"romain\">V<\/span><\/abbr><\/span><\/a>\u00a0et\u00a0<span class=\"nowrap\"><a class=\"mw-redirect\" title=\"Delta 4\" href=\"https:\/\/fr.wikipedia.org\/wiki\/Delta_4\">Delta 4<\/a><\/span>.<\/p>\n<p><span class=\"lang-en\" lang=\"en\">Blue Origin<\/span>\u00a0a fait ses d\u00e9buts en d\u00e9veloppant le\u00a0<span class=\"lang-en\" lang=\"en\"><a title=\"New Shepard\" href=\"https:\/\/fr.wikipedia.org\/wiki\/New_Shepard\">New Shepard<\/a><\/span>\u00a0une fus\u00e9e mono-\u00e9tage destin\u00e9e au\u00a0<a title=\"Tourisme spatial\" href=\"https:\/\/fr.wikipedia.org\/wiki\/Tourisme_spatial\">tourisme spatial<\/a>\u00a0qui a effectu\u00e9 son premier vol en 2015. Elle a particip\u00e9 au d\u00e9but des\u00a0<span class=\"nowrap\">ann\u00e9es 2010<\/span>\u00a0au programme\u00a0<span class=\"lang-en\" lang=\"en\"><a title=\"Commercial Crew Development\" href=\"https:\/\/fr.wikipedia.org\/wiki\/Commercial_Crew_Development\">Commercial Crew Development<\/a><\/span>\u00a0de la\u00a0<a title=\"National Aeronautics and Space Administration\" href=\"https:\/\/fr.wikipedia.org\/wiki\/National_Aeronautics_and_Space_Administration\">NASA<\/a>\u00a0destin\u00e9 \u00e0 d\u00e9velopper le syst\u00e8me de transport spatial des \u00e9quipages de la\u00a0<a title=\"Station spatiale internationale\" href=\"https:\/\/fr.wikipedia.org\/wiki\/Station_spatiale_internationale\">Station spatiale internationale<\/a>.\u00a0<a title=\"Jeff Bezos\" href=\"https:\/\/fr.wikipedia.org\/wiki\/Jeff_Bezos\">Jeff Bezos<\/a>,\u00a0 fondateur de Blue Origin\u00a0 injecte environ 1 milliard US$ par an de sa fortune personnelle estim\u00e9e en 07\/2021 \u00e0 211 milliards US$ . Le 20 juillet 2021, Bezos prend part lui-m\u00eame au premier vol habit\u00e9 de l&#8217;entreprise, propuls\u00e9 par le lanceur\u00a0<a title=\"New Shepard\" href=\"https:\/\/fr.wikipedia.org\/wiki\/New_Shepard\">New Shepard<\/a>\u00a0\u00e0 l&#8217;aide d&#8217;un moteur fonctionnant \u00e0 l&#8217;<a title=\"Hydrog\u00e8ne\" href=\"https:\/\/fr.wikipedia.org\/wiki\/Hydrog%C3%A8ne\">hydrog\u00e8ne<\/a>\u00a0et \u00e0 l&#8217;<a title=\"Oxyg\u00e8ne\" href=\"https:\/\/fr.wikipedia.org\/wiki\/Oxyg%C3%A8ne\">oxyg\u00e8ne<\/a>\u00a0liquides<sup id=\"cite_ref-2\" class=\"reference\"><a href=\"https:\/\/fr.wikipedia.org\/wiki\/Blue_Origin#cite_note-2\">2<\/a><\/sup>. (source wikipedia)<\/p>\n","protected":false},"excerpt":{"rendered":"<p>Blue Origin\u00a0(litt.\u00a0\u00ab\u00a0origine bleue\u00a0\u00bb, en r\u00e9f\u00e9rence \u00e0 la plan\u00e8te\u00a0Terre) est une\u00a0soci\u00e9t\u00e9\u00a0am\u00e9ricaine\u00a0cr\u00e9\u00e9e en 2000 par le milliardaire\u00a0Jeff Bezos, fondateur et principal actionnaire d&#8217;Amazon.com, dans le but de d\u00e9velopper de nouvelles technologies permettant d&#8217;abaisser le co\u00fbt d&#8217;acc\u00e8s \u00e0 l&#8217;espace. Le si\u00e8ge se trouve &hellip; <a href=\"https:\/\/france.spacerenaissance.space\/?page_id=227\">Continue reading <span class=\"meta-nav\">&rarr;<\/span><\/a><\/p>\n","protected":false},"author":2,"featured_media":0,"parent":0,"menu_order":0,"comment_status":"closed","ping_status":"closed","template":"","meta":{"footnotes":""},"class_list":["post-227","page","type-page","status-publish","hentry"],"_links":{"self":[{"href":"https:\/\/france.spacerenaissance.space\/index.php?rest_route=\/wp\/v2\/pages\/227","targetHints":{"allow":["GET"]}}],"collection":[{"href":"https:\/\/france.spacerenaissance.space\/index.php?rest_route=\/wp\/v2\/pages"}],"about":[{"href":"https:\/\/france.spacerenaissance.space\/index.php?rest_route=\/wp\/v2\/types\/page"}],"author":[{"embeddable":true,"href":"https:\/\/france.spacerenaissance.space\/index.php?rest_route=\/wp\/v2\/users\/2"}],"replies":[{"embeddable":true,"href":"https:\/\/france.spacerenaissance.space\/index.php?rest_route=%2Fwp%2Fv2%2Fcomments&post=227"}],"version-history":[{"count":2,"href":"https:\/\/france.spacerenaissance.space\/index.php?rest_route=\/wp\/v2\/pages\/227\/revisions"}],"predecessor-version":[{"id":229,"href":"https:\/\/france.spacerenaissance.space\/index.php?rest_route=\/wp\/v2\/pages\/227\/revisions\/229"}],"wp:attachment":[{"href":"https:\/\/france.spacerenaissance.space\/index.php?rest_route=%2Fwp%2Fv2%2Fmedia&parent=227"}],"curies":[{"name":"wp","href":"https:\/\/api.w.org\/{rel}","templated":true}]}}