{"id":214,"date":"2023-01-12T14:02:30","date_gmt":"2023-01-12T14:02:30","guid":{"rendered":"https:\/\/france.spacerenaissance.space\/?page_id=214"},"modified":"2023-01-29T15:02:42","modified_gmt":"2023-01-29T15:02:42","slug":"banque-de-donnees-sri-france","status":"publish","type":"page","link":"https:\/\/france.spacerenaissance.space\/?page_id=214","title":{"rendered":"Startups fran\u00e7aises du secteur spatial"},"content":{"rendered":"<p>Selon BpiFrance&#8230;&#8221; La fili\u00e8re du NewSpace fran\u00e7ais affirme ses ambitions en d\u00e9veloppant de nouveaux produits destin\u00e9s \u00e0 faciliter le lancement de satellites, le voyage dans l\u2019espace, voire \u00e0 inventer le tourisme spatial de demain. &#8220;<\/p>\r\n<!-- \/wp:post-content -->\r\n\r\n<!-- wp:paragraph \/-->\r\n\r\n<!-- wp:paragraph -->\r\n<ul>\r\n<li>Aviathor<\/li>\r\n<li>Beyond Aerospace<\/li>\r\n<li>Caps<\/li>\r\n<li>Delfox<\/li>\r\n<li><strong><a href=\"https:\/\/france.spacerenaissance.space\/?page_id=161\">GAMA<\/a><\/strong><\/li>\r\n<li>Hybrid Propulsion for Space<\/li>\r\n<li>ICE (Innovative Circular Engineering)<\/li>\r\n<li><strong><a href=\"https:\/\/france.spacerenaissance.space\/?page_id=168\">Kin\u00e9is*<\/a><\/strong><\/li>\r\n<li><a href=\"https:\/\/france.spacerenaissance.space\/?page_id=375\"><strong>Latitude<\/strong><\/a>\u00a0 (ex Venture Orbital Systems (VOS))<\/li>\r\n<li>Miratlas<\/li>\r\n<li>Seaproven<\/li>\r\n<li>StatInf<\/li>\r\n<li>Xin\u00e9tis<\/li>\r\n<li><strong><a href=\"https:\/\/france.spacerenaissance.space\/?page_id=171\">Zephalto<\/a><\/strong><\/li>\r\n<\/ul>","protected":false},"excerpt":{"rendered":"<p>Selon BpiFrance&#8230;&#8221; La fili\u00e8re du NewSpace fran\u00e7ais affirme ses ambitions en d\u00e9veloppant de nouveaux produits destin\u00e9s \u00e0 faciliter le lancement de satellites, le voyage dans l\u2019espace, voire \u00e0 inventer le tourisme spatial de demain. &#8220; Aviathor Beyond Aerospace Caps Delfox &hellip; <a href=\"https:\/\/france.spacerenaissance.space\/?page_id=214\">Continue reading <span class=\"meta-nav\">&rarr;<\/span><\/a><\/p>\n","protected":false},"author":2,"featured_media":0,"parent":0,"menu_order":0,"comment_status":"closed","ping_status":"closed","template":"","meta":{"footnotes":""},"class_list":["post-214","page","type-page","status-publish","hentry"],"_links":{"self":[{"href":"https:\/\/france.spacerenaissance.space\/index.php?rest_route=\/wp\/v2\/pages\/214","targetHints":{"allow":["GET"]}}],"collection":[{"href":"https:\/\/france.spacerenaissance.space\/index.php?rest_route=\/wp\/v2\/pages"}],"about":[{"href":"https:\/\/france.spacerenaissance.space\/index.php?rest_route=\/wp\/v2\/types\/page"}],"author":[{"embeddable":true,"href":"https:\/\/france.spacerenaissance.space\/index.php?rest_route=\/wp\/v2\/users\/2"}],"replies":[{"embeddable":true,"href":"https:\/\/france.spacerenaissance.space\/index.php?rest_route=%2Fwp%2Fv2%2Fcomments&post=214"}],"version-history":[{"count":7,"href":"https:\/\/france.spacerenaissance.space\/index.php?rest_route=\/wp\/v2\/pages\/214\/revisions"}],"predecessor-version":[{"id":392,"href":"https:\/\/france.spacerenaissance.space\/index.php?rest_route=\/wp\/v2\/pages\/214\/revisions\/392"}],"wp:attachment":[{"href":"https:\/\/france.spacerenaissance.space\/index.php?rest_route=%2Fwp%2Fv2%2Fmedia&parent=214"}],"curies":[{"name":"wp","href":"https:\/\/api.w.org\/{rel}","templated":true}]}}