{"id":168,"date":"2023-01-05T17:58:06","date_gmt":"2023-01-05T17:58:06","guid":{"rendered":"https:\/\/france.spacerenaissance.space\/?page_id=168"},"modified":"2023-01-05T18:10:19","modified_gmt":"2023-01-05T18:10:19","slug":"kineis-le-champion-francais-du-newspace-qui-a-integre-le-next40","status":"publish","type":"page","link":"https:\/\/france.spacerenaissance.space\/?page_id=168","title":{"rendered":"Kin\u00e9is, le champion fran\u00e7ais du NewSpace qui a int\u00e9gr\u00e9 le Next40"},"content":{"rendered":"\n<p>Depuis 2021,\u00a0<a rel=\"noreferrer noopener\" href=\"https:\/\/www.bpifrance.fr\/nos-actualites\/kineis-le-champion-francais-du-newspace-qui-a-integre-le-next40\" target=\"_blank\">Kin\u00e9is fait partie des 40 startups fran\u00e7aises\u00a0<\/a>au potentiel de devenir rapidement des leaders technologiques mondiaux. L\u2019entreprise se d\u00e9finit comme un op\u00e9rateur satellitaire de connectivit\u00e9 globale d\u00e9di\u00e9 \u00e0<a href=\"https:\/\/bigmedia.bpifrance.fr\/news\/trois-choses-a-savoir-sur-linternet-des-objets-iot\">\u00a0l\u2019internet des objets<\/a>. \u00ab\u00a0<em>Nos satellites servent principalement aux usages li\u00e9s \u00e0 la science et \u00e0 l\u2019environnement comme le suivi d\u2019animaux sauvages ou de bateaux de p\u00eache \u00e0 des fins scientifiques ou institutionnelles. Nos solutions peuvent \u00e9galement servir \u00e0 monitorer des sols, surveiller des r\u00e9seaux d\u2019infrastructures, ou encore \u00eatre utiles aux secteurs du transport et de la logistique<\/em>\u00a0\u00bb, explique Alexandre Tisserant, son pr\u00e9sident. L\u2019entreprise, qui a lev\u00e9 100 millions d\u2019euros en 2020, a pour objectif, d\u2019ici fin 2023, d\u2019envoyer dans l\u2019espace l\u2019ensemble de sa constellation pour d\u00e9multiplier les performances de sa connectivit\u00e9 IoT (internet des objets) actuelle. Ces nanosatellites viendront connecter des millions d\u2019objets suppl\u00e9mentaires dans des domaines aussi vari\u00e9s que l\u2019agriculture, la logistique, les transports ou l\u2019\u00e9nergie.<\/p>\n\n\n\n<p><strong>Constellation de satellites depuis un laboratoire en orbite pilot\u00e9 pat Loft Orbital<\/strong><\/p>\n\n\n\n<p>D&#8217;ici l&#8217;\u00e9t\u00e9 2023, Kin\u00e9is va envoyer dans l&#8217;espace les premiers satellites de sa constellation 100% made in France. Avant le grand d\u00e9part, l&#8217;op\u00e9rateur va pouvoir tester une nouvelle technologie de connectivit\u00e9 IoT d\u00e9velopp\u00e9e par la soci\u00e9t\u00e9 cannoise Ternwaves gr\u00e2ce \u00e0 un laboratoire radiofr\u00e9quence qui sera envoy\u00e9 en orbite d\u00e8s l&#8217;automne prochain \u00e0 bord d&#8217;un satellite de la p\u00e9pite toulousaine Loft Orbital.<\/p>\n\n\n\n<figure class=\"wp-block-image size-full\"><img loading=\"lazy\" decoding=\"async\" width=\"612\" height=\"306\" src=\"https:\/\/france.spacerenaissance.space\/wp-content\/uploads\/2023\/01\/kineis.jpg\" alt=\"\" class=\"wp-image-176\" srcset=\"https:\/\/france.spacerenaissance.space\/wp-content\/uploads\/2023\/01\/kineis.jpg 612w, https:\/\/france.spacerenaissance.space\/wp-content\/uploads\/2023\/01\/kineis-300x150.jpg 300w\" sizes=\"auto, (max-width: 612px) 100vw, 612px\" \/><figcaption class=\"wp-element-caption\">(Cr\u00e9dits : Kin\u00e9is)<\/figcaption><\/figure>\n","protected":false},"excerpt":{"rendered":"<p>Depuis 2021,\u00a0Kin\u00e9is fait partie des 40 startups fran\u00e7aises\u00a0au potentiel de devenir rapidement des leaders technologiques mondiaux. L\u2019entreprise se d\u00e9finit comme un op\u00e9rateur satellitaire de connectivit\u00e9 globale d\u00e9di\u00e9 \u00e0\u00a0l\u2019internet des objets. \u00ab\u00a0Nos satellites servent principalement aux usages li\u00e9s \u00e0 la science &hellip; <a href=\"https:\/\/france.spacerenaissance.space\/?page_id=168\">Continue reading <span class=\"meta-nav\">&rarr;<\/span><\/a><\/p>\n","protected":false},"author":2,"featured_media":0,"parent":0,"menu_order":0,"comment_status":"closed","ping_status":"closed","template":"","meta":{"footnotes":""},"class_list":["post-168","page","type-page","status-publish","hentry"],"_links":{"self":[{"href":"https:\/\/france.spacerenaissance.space\/index.php?rest_route=\/wp\/v2\/pages\/168","targetHints":{"allow":["GET"]}}],"collection":[{"href":"https:\/\/france.spacerenaissance.space\/index.php?rest_route=\/wp\/v2\/pages"}],"about":[{"href":"https:\/\/france.spacerenaissance.space\/index.php?rest_route=\/wp\/v2\/types\/page"}],"author":[{"embeddable":true,"href":"https:\/\/france.spacerenaissance.space\/index.php?rest_route=\/wp\/v2\/users\/2"}],"replies":[{"embeddable":true,"href":"https:\/\/france.spacerenaissance.space\/index.php?rest_route=%2Fwp%2Fv2%2Fcomments&post=168"}],"version-history":[{"count":3,"href":"https:\/\/france.spacerenaissance.space\/index.php?rest_route=\/wp\/v2\/pages\/168\/revisions"}],"predecessor-version":[{"id":177,"href":"https:\/\/france.spacerenaissance.space\/index.php?rest_route=\/wp\/v2\/pages\/168\/revisions\/177"}],"wp:attachment":[{"href":"https:\/\/france.spacerenaissance.space\/index.php?rest_route=%2Fwp%2Fv2%2Fmedia&parent=168"}],"curies":[{"name":"wp","href":"https:\/\/api.w.org\/{rel}","templated":true}]}}